is the greatest common factor of 428160 and 1536?
384
Calculate the highest common factor of 28601 and 17006.
773
Calculate the highest common factor of 2912 and 32825.
13
Calculate the greatest common factor of 39 and 63102.
39
What is the greatest common factor of 294 and 3019674?
294
Calculate the greatest common factor of 1265 and 2265868.
253
What is the greatest common factor of 3160 and 520?
40
What is the greatest common factor of 312 and 33096?
24
What is the highest common factor of 276 and 64446?
138
What is the highest common divisor of 15550 and 5600?
50
Calculate the greatest common factor of 385 and 198.
11
Calculate the greatest common factor of 258 and 1174803.
129
Calculate the greatest common divisor of 14 and 897323.
7
What is the greatest common factor of 121971 and 3?
3
Calculate the greatest common divisor of 7275 and 195.
15
Calculate the greatest common divisor of 55 and 76527.
11
Calculate the greatest common factor of 210358 and 46.
46
What is the greatest common divisor of 269403 and 1602?
267
Calculate the highest common divisor of 19328421 and 987.
987
Calculate the greatest common factor of 645345 and 261.
9
Calculate the greatest common divisor of 3818 and 25813.
83
Calculate the greatest common factor of 60 and 2595.
15
What is the greatest common divisor of 2322187 and 1099?
1099
Calculate the highest common divisor of 1971 and 1458.
27
What is the greatest common factor of 3757 and 31501?
289
What is the greatest common factor of 6786 and 4602?
78
Calculate the greatest common factor of 61076 and 256.
4
Calculate the highest common factor of 105 and 10479.
21
Calculate the greatest common factor of 14205 and 120.
15
Calculate the greatest common divisor of 86094 and 216.
18
What is the greatest common divisor of 156 and 6864?
156
Calculate the greatest common divisor of 3 and 338739.
3
What is the highest common divisor of 26785 and 98861?
487
What is the greatest common divisor of 1228 and 458?
2
Calculate the highest common divisor of 18426 and 27.
3
Calculate the greatest common factor of 50 and 642.
2
What is the highest common factor of 58 and 44283?
29
Calculate the highest common divisor of 10 and 18490.
10
What is the greatest common divisor of 7503 and 5124?
183
What is the highest common divisor of 692 and 6574?
346
What is the greatest common divisor of 1014 and 5310318?
1014
What is the greatest common divisor of 48895 and 560?
35
What is the highest common divisor of 1425 and 7638?
57
Calculate the greatest common factor of 3300 and 40260.
660
What is the highest common factor of 126937 and 23?
23
What is the greatest common divisor of 12 and 24972?
12
Calculate the greatest common divisor of 4149810 and 490.
490
Calculate the highest common divisor of 40 and 15616.
8
What is the greatest common factor of 40 and 5940?
20
Calculate the greatest common factor of 24 and 1923008.
8
What is the greatest common divisor of 1911 and 11907?
147
Calculate the greatest common factor of 74329 and 12667.
239
Calculate the greatest common divisor of 3472290 and 1107.
369
What is the highest common factor of 11400 and 28200?
600
Calculate the greatest common factor of 9 and 917793.
9
Calculate the highest common factor of 5 and 1863755.
5
What is the greatest common factor of 154 and 3297?
7
Calculate the greatest common factor of 342426 and 1113.
21
Calculate the highest common factor of 546846 and 12.
6
Calculate the greatest common divisor of 5418 and 196.
14
What is the greatest common factor of 38070 and 13395?
705
Calculate the highest common divisor of 86125 and 1750.
125
Calculate the highest common divisor of 1120 and 119.
7
What is the greatest common divisor of 143704 and 14839?
781
What is the greatest common factor of 126791 and 614?
307
Calculate the highest common factor of 147254 and 221.
17
What is the greatest common divisor of 2050 and 213364?
82
What is the greatest common factor of 727456 and 38664?
1432
Calculate the greatest common divisor of 1444488 and 6.
6
Calculate the highest common divisor of 65520 and 245.
35
What is the highest common factor of 131029 and 283?
283
What is the highest common factor of 405 and 5210?
5
What is the highest common factor of 33 and 5632?
11
What is the greatest common divisor of 2265 and 336?
3
What is the greatest common divisor of 29065 and 15?
5
What is the highest common divisor of 3672 and 2825604?
1836
Calculate the highest common divisor of 920 and 3860.
20
Calculate the highest common factor of 2728 and 65131.
341
Calculate the highest common factor of 1784 and 560.
8
What is the greatest common factor of 10028 and 1380?
92
What is the greatest common divisor of 2170 and 503595?
155
Calculate the highest common factor of 1248 and 16496.
16
Calculate the greatest common factor of 858 and 324258.
66
Calculate the greatest common divisor of 1788 and 8796.
12
What is the highest common divisor of 113 and 5957247?
113
What is the highest common factor of 150371 and 387?
43
What is the highest common divisor of 54391 and 95309?
499
Calculate the highest common factor of 46 and 49174.
46
What is the highest common divisor of 50 and 95975?
25
What is the highest common factor of 602 and 686?
14
Calculate the greatest common factor of 1788 and 1758.
6
Calculate the highest common factor of 280884 and 2630.
526
What is the highest common divisor of 902 and 37474?
82
What is the highest common divisor of 10632 and 435026?
886
Calculate the greatest common divisor of 258 and 9766074.
258
What is the highest common divisor of 1683 and 5661?
153
What is the greatest common factor of 43 and 4346827?
43
Calculate the greatest common divisor of 318856 and 64.
8
What is the greatest common divisor of 41769 and 441?
63
Calculate the highest common divisor of 23596 and 28628.
68
What is the highest common divisor of 2075489 and 169?
169
What is the highest common divisor of 15247 and 3474?
193
Calculate the greatest common divisor of 18872 and 2366.
14
What is the greatest common factor of 454 and 73321?
227
Calculate the greatest common factor of 102 and 21046.
34
What is the highest common divisor of 5713476 and 552?
276
Calculate the greatest common divisor of 5327 and 161.
7
Calculate the highest common factor of 6 and 2852184.
6
Calculate the highest common factor of 2120 and 6730.
10
Calculate the greatest common factor of 79148 and 188.
188
What is the highest common factor of 23922 and 2628?
18
Calculate the highest common divisor of 69188 and 392.
196
Calculate the greatest common factor of 3111 and 13847.
61
What is the greatest common factor of 23114 and 910?
182
What is the greatest common divisor of 3150 and 90594?
126
Calculate the highest common divisor of 106053 and 138.
69
What is the greatest common divisor of 32692 and 352?
44
Calculate the highest common divisor of 24 and 1191012.
12
Calculate the highest common divisor of 102 and 586840.
34
What is the highest common divisor of 12584 and 936?
104
Calculate the highest common divisor of 40 and 2829820.
20
Calculate the greatest common factor of 1275 and 844475.
425
What is the greatest common divisor of 1242 and 17028?
18
Calculate the highest common divisor of 342 and 11055834.
342
What is the highest common factor of 12 and 826608?
12
What is the highest common divisor of 102315 and 95?
95
Calculate the greatest common factor of 73 and 272509.
73
What is the greatest common divisor of 224604 and 748?
68
Calculate the highest common divisor of 200 and 39450.
50
Calculate the highest common factor of 7 and 8806.
7
What is the highest common divisor of 449960 and 4760?
280
What is the highest common divisor of 92 and 5520?
92
Calculate the highest common divisor of 59691 and 12423.
303
Calculate the highest common divisor of 84 and 58848.
12
Calculate the highest common divisor of 227211 and 1272.
159
Calculate the highest common divisor of 198 and 76560.
66
Calculate the highest common factor of 288 and 728800.
32
What is the highest common factor of 285 and 735?
15
Calculate the highest common factor of 18 and 206082.
18
What is the greatest common factor of 24102 and 576?
18
Calculate the highest common divisor of 1722012 and 12.
12
Calculate the greatest common factor of 90846 and 637.
4